 common factor of u and d?
7
Let v = 1376 + -936. What is the greatest common divisor of v and 55?
55
Let m = -38 + 52. Suppose -3*s + 26 = 5*c, 18 = 2*s - 4*c - m. What is the greatest common factor of s and 54?
6
Let a = 354 - 327. Calculate the highest common divisor of 216 and a.
27
Let q = -1044 - -1078. Calculate the highest common divisor of 136 and q.
34
Suppose -3*s - 5*d = -2*d - 57, 5*s - 95 = d. Let r = -18 + s. Suppose 0 = -4*i - v - 0*v + 9, -3*v = -15. What is the highest common divisor of i and r?
1
Let p = -30 + 32. Suppose p*i + 0*i = 48. Let x(q) = q + 1. Let f be x(2). Calculate the highest common factor of i and f.
3
Let m = 136 - 241. Let l be m/(-25) + (-3)/15. Calculate the greatest common divisor of 4 and l.
4
Let g be 531/(-27) - 1/3. Let i be -34*(g/8)/5. Calculate the highest common divisor of i and 170.
17
Let p be 4/(-24) + (-3)/(-18). Suppose -3*n - 2*n + 70 = p. Let a = n + -2. Calculate the greatest common divisor of 108 and a.
12
Suppose 0 = 4*j - 17*t + 20*t - 26, -j = t - 6. What is the greatest common divisor of j and 92?
4
Let j(v) = v**3 + 7*v**2 - 2*v - 14. Let r be j(-7). Let h = 8 + -4. Suppose r = h*b - 156 - 64. Calculate the highest common divisor of 22 and b.
11
Let l = 741 + -729. Calculate the greatest common divisor of l and 300.
12
Let a = 12 - 8. Suppose 21 + 43 = a*f. Calculate the highest common divisor of f and 8.
8
Let r = 13 + -11. Let w(y) = -y**2 + 7 - y**2 + 3*y**2 + y**3 + 9*y + 9*y**r. Let n be w(-9). Calculate the greatest common factor of 21 and n.
7
Let a(n) = 2*n**3 - 17*n**2 - 8*n. Let x be a(12). What is the highest common factor of 16 and x?
16
Suppose 61 = -3*u - 4*y - 19, 0 = -5*u - 3*y - 126. Let a be (-45)/6*u/15. What is the highest common factor of a and 6?
6
Suppose 5*u = -6*u + 242. Calculate the highest common divisor of 209 and u.
11
Let t(s) be the third derivative of 5*s**4/24 - s**3/6 + s**2. Let b be t(3). Suppose 59*j = 22 + 96. What is the highest common divisor of j and b?
2
Let f = -40 - -120. What is the highest common divisor of 88 and f?
8
Let h be 99 + 4 + -2 + -1. Let l(q) = -20*q**3 + q**2 + 3*q + 2. Suppose -4*j = -6*j - 2. Let v be l(j). What is the greatest common factor of v and h?
20
Suppose -2930 = -4*m + u + 1130, 3*m - 3046 = u. What is the highest common factor of 12 and m?
6
Let h(m) = 9*m + 74. Let l be h(-6). What is the highest common divisor of 380 and l?
20
Suppose -24*r - 49 = -28*r - 3*j, -6*j - 30 = 0. Let v(t) = -3*t - 1. Let u be v(-3). What is the highest common factor of r and u?
8
Suppose 7 = 5*n - 0*w + 4*w, -n + w = -5. Let a(y) = 0*y**2 - 6 + y + 0 + 2*y**2 + 2. Let t be a(-4). What is the greatest common factor of n and t?
3
Suppose -6*p + 11*p + 110 = 0. Let k = p - -22. Suppose k = -3*u + u + 14. What is the greatest common factor of 63 and u?
7
Suppose 0 = -4*m + 54 + 34. Let a = -8 + 18. Let j be (-2)/(-5) - (-16)/a. What is the greatest common divisor of m and j?
2
Let l = 25 - 25. Suppose w + 56 = 4*q, 4*w - 1 = q - l*q. What is the greatest common divisor of q and 3?
3
Suppose 0 = 4*r - 16. Suppose 5*v - r*f = 108, -3*v - 38 = -3*f - 104. Calculate the highest common factor of 50 and v.
10
Let m(g) = -22*g + 320. Let z be m(14). Calculate the highest common factor of 60 and z.
12
Let d = 1108 + -1091. Calculate the greatest common factor of d and 2329.
17
Suppose 0 = -4*o + 6 + 70. Let g = -17 + o. Suppose g*l - 3*c + 2 = -0*c, -l - 4*c = -10. Calculate the greatest common factor of l and 6.
2
Suppose 2*t + f + 39 = 5, -5*f + 58 = -2*t. Let a = 22 + t. Suppose 4*r - a*y = 133, -2*r + 164 = 3*r - 3*y. What is the greatest common divisor of r and 93?
31
Suppose 3*u - 7*u - 12 = 0, y = -3*u + 37. What is the greatest common divisor of 2 and y?
2
Let f(m) = 23*m**2 - 1. Let v be f(2). Let s = 191 - v. Calculate the highest common divisor of 20 and s.
20
Let k(b) = b**3 + 4*b**2 - 14*b - 15. Let h be k(-6). Let z be h/(4/(76/(-3))). Calculate the greatest common factor of 76 and z.
19
Suppose -j = -5 - 145. Suppose -4*t = -2*t - j. Calculate the highest common factor of t and 25.
25
Suppose -8*u + 12*u + 55 = p, -2*p + 134 = 4*u. What is the highest common factor of p and 147?
21
Let d(o) = 15*o**2 - 3*o. Let p = -47 + 49. Let r be d(p). What is the highest common factor of 36 and r?
18
Let l(n) = 4*n**2 - 3*n**2 - 241*n - 11 + 242*n. Let x be l(-6). Calculate the greatest common factor of 95 and x.
19
Let a(c) = 49*c**2 - 10*c - 39. Let h be a(5). Calculate the highest common factor of 71 and h.
71
Let i = 36 + 194. What is the greatest common factor of 46 and i?
46
Let s = -119 + 135. Suppose 310 = 2*a - 2*d, 2*a = -d - 0*d + 325. Suppose -6*h + a = -h. Calculate the greatest common factor of h and s.
16
Let q = -6 + 9. Suppose 0*z + q = 3*z. Let f be 10/(2*z/16). Calculate the highest common divisor of f and 32.
16
Let h(a) = -8*a - 4. Let u be (58/(-87))/((-4)/(-30)). Let i be h(u). Let s be 0 + 2 + (6 - -1). What is the highest common factor of s and i?
9
Let l be -2 + (1 - 0)*8. Let f = 21 + -16. Suppose 4*k = f*k - 6. Calculate the highest common factor of k and l.
6
Let b(i) = -i**3 - 12*i**2 - 15*i - 8. Let g be b(-11). Calculate the greatest common divisor of 96 and g.
12
Let f = -59 + -56. Let j be f/(-25) - 2/(-5). Suppose j*b - 2 = 28. What is the greatest common factor of b and 6?
6
Let i = -14 - -18. Suppose -5*v = -3*h + 38, 3*h = i*h + 2*v - 31. Calculate the highest common divisor of h and 105.
21
Let n = 1507 - 1499. What is the greatest common divisor of 12 and n?
4
Suppose 2*p = 4 - 8. Let h be -1*(-22)/(p - -4). What is the highest common divisor of 1 and h?
1
Let y be 876/(-21) - 4/14. Let d = 30 - y. Suppose -3*x + 4*f = x - 24, -3*x + f = -22. Calculate the highest common divisor of x and d.
8
Suppose -456 = -92*y + 54*y. Let x(a) = -a**2 + 8*a. Let d(p) = 6*p**3 + p - 1. Let k be d(1). Let s be x(k). What is the highest common factor of y and s?
12
Suppose -k + 4 = -2. Let s = 7878 - 7848. What is the highest common divisor of s and k?
6
Suppose -x = -0*x - 22. Suppose 2*s + x = 56. What is the greatest common factor of 153 and s?
17
Let q be (-1*1)/(2 - 3) - -4. Let k be 1/(-4) + (205/4)/q. Let l be 10*(10/4 - 2). What is the highest common factor of l and k?
5
Let n = -49 - -100. Calculate the highest common factor of 12 and n.
3
Suppose 87 = 2*g + i, i + 435 - 438 = 0. Calculate the greatest common factor of g and 182.
14
Let w be (-38 - 0)*(5 - 171/18). What is the highest common factor of 114 and w?
57
Let v(d) = -3*d + 3. Let h be v(2). Let p be (-50)/(-2) - (h + 5). Suppose 5*x - 4*b - 1 = 24, 5*b = -2*x - p. What is the highest common factor of 9 and x?
1
Let v(l) = l**2 + 2*l - 5. Let i be v(-4). Suppose 364 = 7*p - 2*p - 3*s, -2*s - 219 = -i*p. Let o = p + -43. What is the greatest common factor of o and 42?
14
Let x(w) = 5*w**2 + 3*w + 2. Let l be x(-2). Suppose 2*v = -4*h + 390, 671*h - 672*h + 4*v + 84 = 0. Calculate the highest common factor of h and l.
16
Suppose 57*q = 68*q - 176. What is the greatest common divisor of 80 and q?
16
Suppose 16*y - y - 1050 = 0. Let c(k) = -5*k + 6 + 3*k + k. Let j be c(-4). Calculate the greatest common factor of j and y.
10
Let h(t) = -13*t + 3. Let d be h(-3). Let u = 62 - d. What is the highest common factor of u and 4?
4
Suppose 13*m = -19*m + 11776. What is the greatest common divisor of m and 16?
16
Suppose -692 = -4*a - 5*k + k, k = 3*a - 507. Calculate the greatest common divisor of 5 and a.
5
Let k = 1458 + 1539. Calculate the highest common factor of 81 and k.
81
Suppose -10*l = -105 + 25. Calculate the highest common divisor of 240 and l.
8
Let q = 276 - 184. Let t be (1 + -2)/(1/(-2)). Suppose -t*m = -40 - 6. What is the greatest common divisor of q and m?
23
Let s = 1052 + -1050. What is the greatest common factor of s and 91?
1
Suppose 4*s = -5*s + 2232. Suppose -2*k + s = -2*g, 0*g - 224 = -2*k - 4*g. Calculate the greatest common divisor of 30 and k.
30
Let t be 14/21 + 1250/6. Let j be (3/9)/(2/114). What is the greatest common factor of t and j?
19
Suppose 0 = -5*n - 0*t - 3*t + 2364, 0 = -2*n - 4*t + 940. What is the greatest common divisor of n and 6?
6
Let f(x) = 6*x**2 + 8*x. Let h be (2 - 21/6)*(-16)/(-6). Let m be f(h). Wh